luate -87 - (-43 - -49) - -56.
-37
Calculate -2 - -18 - (19 + -24 - (3 + -26)).
-2
What is (-31 - -123) + 30 + -142?
-20
Evaluate -17 + 11 + 4 + (9 - (-30 + -7)).
44
What is 14 + -50 + 30 + 62 + -19?
37
Calculate -9 - (21 + -2) - (-821 - -721).
72
Calculate 31 - (1 + 71 - 37) - (-80 - 2).
78
What is (-18 - -12 - (-6 - -11)) + 10?
-1
Evaluate -15 + (1379 - 1273) + (-13 - 0).
78
Calculate 12 + (73 - 75 - -54).
64
Calculate -77 + (-21 - (5 + (13 - (17 - -5)) + -9)).
-85
Calculate 69 - 49 - (12 + -46).
54
What is 2 + 18 + (-45 - -80) - (2 - 2)?
55
What is the value of (81 - 90 - (-2 - 5)) + -34?
-36
Calculate -6 + (4 + -2 - 3 - (-4 + -24 + 24)).
-3
What is -75 + (59 - -52) - (5 - -89)?
-58
-33 - -8 - (5 + (20 - 2))
-48
What is -7 - 18 - -31 - 40?
-34
What is 66 + (-47 - -2) + -33?
-12
1 + 14 - (24 - (129 - 109))
11
Evaluate -18 + 43 + 1 + -3 - 100.
-77
What is the value of 19 + 4 + -4 + (1 - 61)?
-41
What is the value of -91 + 164 - 100 - -89?
62
56 + (-19 - -49 - 75)
11
What is -17 + (-318 - -337) + 0 + -19?
-17
-6 + (50 - 23 - -55) - (1 - 11)
86
Evaluate 36 - (128 - 39) - 5.
-58
Calculate 36 + -68 + -2 + -2.
-36
What is the value of 9 + -2 + 26 + 9 + 1 - 12?
31
What is 88 + (-59 - -79 - 101)?
7
What is -12 + -27 + 85 + -77?
-31
Calculate 12 + (-45 - -27) + -91 + 36.
-61
What is -89 + -152 + 140 - -153?
52
(-37 + 14 + 28 - 8) + 4 + (2 - 2)
1
(20 - 7) + (-168 - -108)
-47
Evaluate 23 + (-24 + -1 - (-307 - -288)).
17
What is (1 - -8) + (5 - -4 - 74) - (9 + -8)?
-57
Calculate (-11 - 1) + (1 - -14) + (-8 - -107) + -103.
-1
What is the value of 25 - (-45 - (-28 + 4))?
46
What is ((-3 - 6) + 8 - -4) + 47?
50
What is -45 + 58 + -44 + 19?
-12
What is -291 - -223 - (-72 - 5)?
9
Calculate (-8 - -7 - -9 - -2) + -5 + 10 + 16.
31
Evaluate (-101 - 3) + 197 + -79.
14
What is the value of -51 + 24 - (121 - 52)?
-96
Calculate (17 - 25) + -522 + 569.
39
Evaluate 96 + 26 + -25 - 42.
55
What is -25 + -27 + (-62 - -2 - -41)?
-71
Calculate 12 + (10 + 3 + (-4 - 28) + 22 - -36).
51
Evaluate -2 - -26 - (-26 + -27 + 52) - (-3 + 3).
25
What is the value of (36 - 47) + -8 + (13 - 0 - 9) + -63?
-78
What is -27 + (5 - -10) - -41?
29
What is -10 + 13 + (4 - 2) + -29?
-24
Calculate 50 + -24 + -15 + 17 + -5.
23
What is 106 + 73 + -157 + 10?
32
-102 + (202 - (-123 + 258))
-35
Calculate -4 + 1 + -3 + 7 + -3 + -338 + 292.
-48
What is the value of -39 + (31 + 37 - -28) - (-2 - (-1 + -1))?
57
What is 44 + (1 - 1) + (-1260 - -1242)?
26
-75 - (-16 + -10 + 10) - (-3 - -11)
-67
Evaluate 32 - (80 - (-20 + 8 - -19)).
-41
Calculate -32 + 18 - ((0 - 10) + (570 - 520)).
-54
Evaluate 2 + -4 - (25 - (7 - (-3 + -1)) - 24).
8
What is the value of (-132 - (25 - 189)) + 74?
106
Calculate (147 - 139) + -6 + -1 + -1.
0
Calculate -15 - -20 - ((-2 - (-5 + 3)) + (6 - 5)).
4
What is -15 - (-6 + 2 - (-19 - (2 + -26)))?
-6
Calculate -3 - (-225 + 235 + (-1 + -23 - 1) - 8).
20
Calculate -17 + (-48 - -19) + 88 + (3 - -12).
57
What is 2301 - 2399 - (-140 + 1)?
41
Evaluate (233 - 169) + -30 + (7 - 5).
36
Calculate -31 + (-3 - -1) + (479 - 488).
-42
What is the value of (28 - -107) + 41 + -103?
73
Evaluate -8 - (-6 - 48) - (30 - (106 - 63)).
59
-341 + 228 + 0 + 22 - (19 + -4 + -2)
-104
-16 + 61 - 45 - -41
41
81 - 77 - (5 - -2 - 11)
8
What is (4 - -15) + 23 + (-5 - -5 - (0 + -3))?
45
9 - (16 - ((125 - 88) + (-2 - 0)))
28
What is -37 + ((5 - 40) + -4 - -26)?
-50
Calculate 2 + (12 - (22 - -2)) + -1 + -17.
-28
Calculate -20 - (-176 + 87 - -111).
-42
What is -2 + (-9 - -28) + (12 - 38)?
-9
What is the value of (9 - 0) + -1 + (0 + -1 - (55 - -25))?
-73
Calculate -11 + 12 + 8 + (39 - 127).
-79
109 - ((0 - (3 + 6 - 26)) + 2)
90
Calculate -63 + (154 - 62) + -148.
-119
Calculate 4 + (8 - (-11 + 173)) + (-167 - -191).
-126
6 - (-69 + (45 - 34))
64
(2 - (213 + -199 + (0 - 3))) + 2 + -33
-40
Evaluate -10 + -14 + -26 + 58.
8
What is (31 - (28 + 25 + -16)) + (5 - -44)?
43
-21 + 6 + -7 + 9 + -16 + 10 + -6
-25
What is 17 - ((-46 - -68) + 9)?
-14
Evaluate (-13 + 3 - -7 - 12 - -11) + 0.
-4
What is -64 + 47 + 101 + -100?
-16
Evaluate 8 + -131 + 89 + 96.
62
What is the value of (11 + 0 - (1575 + -1557)) + 37?
30
Calculate (-6 - (56 + 37)) + 20.
-79
What is (-33 - -14) + (13 + -9 - -16) + -8 + -6?
-13
What is the value of (1 - -21) + (69 - (-61 - -115))?
37
(36 - -2) + (-27 - (126 - 5))
-110
Calculate (3 - -1) + (-2 + -17 - (-47 - -71)).
-39
44 + (-10 - -4 - 14)
24
Evaluate -1 + (-17 - (-33 + 2)) + -1.
12
Evaluate 7 - (32 - (-9 - (-8 + (2 - -13)))).
-41
Calculate -2378 - -2367 - (5 - (-42 - 2)).
-60
-41 + 18 + -54 + 56 - (-2 + -31)
12
What is the value of -2 - (4 + (0 - 4 - 4)) - (1371 - 1391)?
22
What is the value of -7 + 0 - (-57 + -3 - (-32 - (-44 + 8)))?
57
What is 92 + -54 + -9 - (3 - -76)?
-50
What is the value of 132 - (95 - (-34 - 68))?
-65
What is the value of -35 - -1 - (1712 - 1701)?
-45
What is the value of 66 - (-6 - (32 + -63 - -41))?
82
What is the value of -42 + -4 + 31 + (5 - -6 - (2 + -3))?
-3
What is 14 + 20 + -8 + 0 - (-3 - -1)?
28
What is (85 + -119 + (-15 - 0) - 9) + -8?
-66
Calculate 44 - (-7 - (-20 - (12 + 1 + -17))).
35
(-33 + 10 - -37 - (2 - -14)) + 58
56
What is 21 + 43 + (4 - ((-4 - 0) + -7))?
79
Evaluate -8 + -28 - (6 + 12 + -26).
-28
Evaluate -4 + 15 + 2 - 4 - (99 - (6 - 1)).
-85
(39 - (-24 + 1 + 34)) + 7
35
Evaluate 46 + (5 + 10 + -12 - 4) - 3.
42
11 - (8 - (9 - (-11 + 24) - 4) - -2)
-7
Calculate -191 - (-85 + 69 + -75).
-100
Calculate -356 + 342 - (27 + 12).
-53
Evaluate -9925 + 9917 - (123 - (3 - (-2 + 5))).
-131
Calculate (-29 - -78) + -14 + -13.
22
What is the value of 15 + (45 - 93) + 7?
-26
What is the value of ((-11 - -6) + 2 - -9) + (0 - -13) + -15?
4
4 + (5 - (-44 - (-9 + 7))) + 9 + -4
56
Calculate (-5 - (-18 + -4)) + (84 - 143).
-42
-2 + (3 - (-20 - (20 + -13)))
28
What is (-19 - 7) + 83 + -81 - -94?
70
What is the value of -8 + -5 + -11 + 20 + -4 + 1 + -81?
-88
Evaluate 55 - (1 - (-19 - -3) - (-56 - -64)).
46
Evaluate 1129 + -1157 + (-2 - -5 - -33).
8
Calculate (30 - -88) + -51 + -12.
55
What is 1 - (-15 + (17 + -13 - -3))?
9
Calculate (-81 - -156 - 52) + -109.
-86
Calculate (65 - 3) + -488 + 448.
22
What is 3 - -2 - ((-64 - -1 - (-8 - -23)) + -4)?
87
What is the value of -108 - -223 - 120 - ((-1 - -7) + 0)?
-11
What is the value of (-15 - (-2 + 3 - 7) - (7 + 12)) + -7?
-35
Evaluate (37 - 32) + -38 + 67.
34
95 - 92 - (48 + (-5 - -3))
-43
Calculate (50 - (44 + -32)) + 8.
46
-42 - ((21 - 81) + -13)
31
What is the value of 16 + 0 - (18 - (16 + 35))?
49
-20 - ((-10 + 15 - 21) + -21)
17
85 - 1 - ((32 - 1 - 18) + -2)
73
Calculate -42 + 101 + (84 - 70).
73
1 + 10 + ((-13 - 5) + 28 - -12)
33
What is the value of 32 - (-24 + 14 + 75 + -25)?
-8
Calculate 94 - (-55 - (-46 - 62)).
41
What is the value of 17 - (174 + -158 - (-6 - -3 - -12)) - 88?
-78
47 + -71 + (61 - 53)
-16
What is 94 + (5 - (16 + -41 + -2 - -12))?
114
41 + -56 + -12 - 21
-48
Evaluate (6 - -2 - (-5 + 7 + -10)) + 9.
25
What is -31 - (50 + -29 + 16 + -41)?
-27
Calculate -48 + 0 + -1488 + 1557 + (-58 - -1).
-36
What is the value of (-27 - -13) + (35 - 1) - 24?
-4
Calculate (8 + -4 + -12 - (-58 + 48)) + (-48 - -2).
-44
Calculate 3 - (0 + (-4 - (8 + 6 + -24))).
-3
What is the value of 18 + -10 + 10 + 23 + -15?
26
Evaluate (-58 - 1) + 21515 + -21499.
-43
Calculate 10 - (-1 - -9) - (18 - (-8 - -15)).
-9
What is the value of -5 + -3 + (-4 - (-15 - 0))?
3
-135 + 130 + 4 + (6 - 7) + (-2 - 122)
-126
Evaluate -35 - (1 - 8) - -9 - 41 - 1.
-61
What is the value of -6 + -2 + -14 + -19?
-41
What is (-53 - (4 - (-16 + 31))) + 17?
-25
Evaluate 14 - (14 - (35 + -22)) - 13.
0
What is the value of 23 + 0 + -876 + 870?
17
(0 + -16 + -2 - 2) + 64 + (-115 - -62)
-9
What is -42 + (-26 - -6 - -22) + 1?
-39
What is the value of (-3 - (1 + 123)) + -11257 + 11273?
-111
Calculate (-6 - -3) + (17 - 59) + 1 + (-9 - -23).
-30
Evaluate 4 - (24 + (-97 - -19)).
58
Evaluate -33 - (14 + 27 - 13).
-61
Calculate 93 + -16 + 97 + -160.
14
Evaluate 188 + 0 + 20894 + -20986.
96
Calculate 27 + (3 - -5) + (-1 - -5).
39
(6 - 7) + -7 + -5 + -6 - 8
-27
-31 + 29 + -6 + 51
43
What is the value of -4 + 0 + 2 + 7 + (18 - 50 - -13)?
-14
Evaluate -38 + (59 - 73) + 91.
39
Calculate 1 - 36 - (18 + 33 - 19 - 18).
-49
What is the value of 173 + 3 + -28 + -22 - 3?
123
(-1 - 0 - (-40 + 44)) + 